mainder when 4 is divided by a?
1
Suppose -3*f + 15 - 3 = 0. Suppose 3*x - 4 = -7*o + 8*o, -2*o - 2*x + 16 = 0. What is the remainder when o is divided by f?
1
Suppose -o - 4 = 0, 0 = 3*c - 5*o + 13 - 87. What is the remainder when 1043 is divided by c?
17
Let o be ((-9)/(-6))/(4/8). Suppose -4*d + 2*w = o*w + 20, 0 = d - w. Let i = d - -9. Calculate the remainder when 9 is divided by i.
4
Let t(w) = w**3 + 5*w**2 - 5*w - 25. What is the remainder when 97 is divided by t(-4)?
9
Let n = 25339 - 25308. Suppose -4*g = 2*h - 248, 2*g + 2*g - 244 = -h. What is the remainder when g is divided by n?
29
Suppose -26*v + 360 + 329 - 13 = 0. Let t(b) = 2*b + 3. What is the remainder when v is divided by t(4)?
4
What is the remainder when -1 - (-2)/((-6)/2094*-2) is divided by 14?
12
Calculate the remainder when ((1 - 0) + 373)*(-5)/(-10) is divided by 38.
35
Let r = -390 - -405. Calculate the remainder when 103 is divided by r.
13
Let m(c) = 2*c**3 + 73*c**2 + 168*c - 53. Suppose 3*v = v + 5*r + 32, -4*v - 3*r + 90 = 0. Calculate the remainder when v is divided by m(-34).
6
Suppose 0 = -d + 5*d - 108. Suppose -d = -2*u + 19. Let p = 61 - 18. Calculate the remainder when p is divided by u.
20
Let z = -735 + 1140. What is the remainder when z is divided by 11?
9
Suppose 0 = 3*i - 1 - 14. Suppose 5*p - 245 = 4*b, i*b + 52 = -2*p + 183. Calculate the remainder when 102 is divided by p.
49
Suppose -4*h = 37 - 13. Let y(z) = z**2 - z - 2. Calculate the remainder when ((-3)/h)/(2/44) is divided by y(-2).
3
Let k be (4776/52 - -4) + 2/13. Let h = k - 93. What is the remainder when h is divided by 5/4 - (-3)/(-12)?
0
Suppose 36*g = 40*g - 76. What is the remainder when 828 is divided by g?
11
Let a(i) = -16*i - 1. Suppose v = -4*v - 5*t - 75, -3*t = -5*v - 91. Let p(q) = -q**3 - 17*q**2 - 2*q - 7. What is the remainder when p(v) is divided by a(-1)?
12
Let q(b) = -b - 5. Let v be q(-8). Suppose -8*w + 4*w = -36. Calculate the remainder when v/((-36)/(-51))*4 is divided by w.
8
Suppose 64 = -12*f + 4*f. Let m = f + 26. Calculate the remainder when m is divided by 11.
7
Suppose -y - 4 = -3*a, 5*y + 0*a = -2*a + 48. Let w(j) = j**3 - 14*j**2 + 15*j - 3. Let f be w(13). Let i = f + y. What is the remainder when i is divided by 8?
7
Let m = -79 - -18. Let q = -39 - m. What is the remainder when 65 is divided by q?
21
Let q = 12 + -9. Suppose -3*x - 12 = -0, 4*a + 100 = q*x. Let z = a + 45. What is the remainder when 31 is divided by z?
14
Suppose 0*r + 3*u = -3*r - 12, 3*u = -12. Let m be 66 + r + -7 + 10. Suppose 51 + m = 4*k. Calculate the remainder when 118 is divided by k.
28
Suppose 2*s + 140 = 4*c, 4*s = 6*c - 2*c - 136. Suppose 342*f - 369*f - 104 = -455. What is the remainder when c is divided by f?
10
Calculate the remainder when 11 is divided by 7/35 - ((-156)/20 + 0).
3
Let w(p) = -p**3 - 18*p**2 - 16*p + 27. Let r be w(-17). What is the remainder when r/(-30) - (-860)/6 is divided by 18?
17
Let i(g) = 41*g + 449. Calculate the remainder when 317 is divided by i(-9).
77
Let h(p) = -6*p**3 - 2*p - 1. Let y = 50 + -33. Suppose 11*j - y = 5. What is the remainder when h(-1) is divided by j?
1
Let b = 2250 - 1953. Calculate the remainder when b is divided by 59.
2
Suppose -2*z = -2, 2*v + 455 = 6*v - z. What is the remainder when v is divided by 111?
3
Suppose -59*q - 10 = -64*q. What is the remainder when 35 is divided by 10 - 1 - (q + -1 + 0)?
3
Let q(i) = -i**2 - 4*i + 7. Let f be q(-5). Suppose f*w = -0*w + 16. Calculate the remainder when w is divided by 5.
3
Suppose -4*t = -t - k - 33, -2*t = 3*k - 11. Let o be 32/(-20)*(-10)/4. Suppose 0*j - o*j = -112. Calculate the remainder when j is divided by t.
8
Suppose -5*n = 4*m - 187, 2 = -2*n + 8. Let f = -1703 - -1726. Calculate the remainder when m is divided by f.
20
Let n(q) = 2*q**2 - 7*q + 23. Let v be n(10). Suppose 5*l = 3*b + 8 + v, -b - 157 = -5*l. What is the remainder when 123 is divided by l?
30
Let p(r) = -r**2 + 30*r - 141. What is the remainder when p(16) is divided by 17?
15
Let q = 103 - 75. Calculate the remainder when 141 is divided by q.
1
Suppose 2*z - 14 = 20. Suppose 30 = 3*o - h, -3*o + 3*h = -7 - z. Calculate the remainder when 8/36 + (-356)/(-18) is divided by o.
9
Let r be (-1)/(-7) - 4/28. Suppose 7*m - 322 - 14 = r. What is the remainder when m is divided by 26?
22
Calculate the remainder when (28/12 - 2) + 250/6 is divided by 14.
0
Calculate the remainder when (-12)/(-9)*651/(-14)*-1 is divided by 13.
10
Suppose 30*w = 4447 + 6773. What is the remainder when w is divided by 20?
14
Let o be ((-4)/(-8))/((-4)/(-72)). Let j(w) = -w**3 + 10*w**2 - 9*w + 7. What is the remainder when j(o) is divided by 2?
1
Let h(i) = i**3 + 21*i**2 - 51*i - 54. Calculate the remainder when 121 is divided by h(-23).
60
Suppose 5*k + 11*k = 128. What is the remainder when 28 is divided by k?
4
Suppose 0 = -60*v + 58*v + 16. Suppose -4*m - 28 = -v, y - m - 9 = 0. Calculate the remainder when 33 is divided by y.
1
Suppose -3*p + 0*p = 3*o - 135, 4*o = -3*p + 136. Let j = -38 + p. What is the remainder when 23 is divided by j?
5
Let m = -5 - -8. Suppose 55 = m*z + 2*z. Suppose g + 4*o - 39 = 0, -72*o + 90 = 2*g - 76*o. What is the remainder when g is divided by z?
10
Let d = -46 - -67. What is the remainder when (501/9)/(6/18) is divided by d?
20
Let l = 19 + -35. Let j = -2 - l. Suppose -2*o = -4*a - j, 0*o + 2*a - 21 = -3*o. Calculate the remainder when o is divided by 4.
3
Let r(o) = 4*o**2 - 3*o. Let a be (-35)/45 - (6/27 - 0). Let h = 27 + a. What is the remainder when h is divided by r(2)?
6
Suppose -43 = -4*d - 11. Let g(n) = -n**3 + 9*n**2 + 11*n - 4. Calculate the remainder when g(d) is divided by 38.
34
Let l = -1098 - -1163. Calculate the remainder when l is divided by (-71 - -1)/(-2) - 1.
31
Let u be (-2 + (-22)/(-8))*156. Suppose -u = l - 14*l. Calculate the remainder when 32 is divided by l.
5
Suppose f + 14 = y + 50, -4*y - 74 = -2*f. What is the remainder when (-1)/3 - (-1252)/12 is divided by f?
34
Suppose l - 39 = -0*l. Let w = 263 - 252. Calculate the remainder when l is divided by w.
6
Let i = -612 - -714. Suppose 0 = -3*v + 2*v + 3, -3*t - 2*v = -84. What is the remainder when i is divided by t?
24
Suppose -5*y + 5 - 210 = -4*t, 203 = 4*t - 3*y. What is the remainder when 199 is divided by t?
49
Suppose -6 - 5 = -2*l + 3*n, -n + 5 = 0. Suppose 3*o - 2*h - l = 0, 0*o - 3*h = -5*o + 23. What is the remainder when 12 is divided by o?
5
What is the remainder when 112 is divided by 1*75/(-6)*(-56)/20?
7
Let y = 28 - 24. Suppose -y*b = -b - 114. What is the remainder when b is divided by 8?
6
Let p(q) = -q**2 - 2*q - 2. Let j be p(-3). Let h = -4 - j. Calculate the remainder when 10/15 + 7/3 is divided by h.
0
Let c be 162 - (1 + -2) - 3. Suppose 4*x = 8*x - c. Calculate the remainder when x is divided by 14.
12
Suppose 5*o = t + 36 + 45, 4*t - 28 = -2*o. Let r = -11 + o. Suppose 4*j - 3*j - 25 = -4*n, n - 2 = 0. Calculate the remainder when j is divided by r.
2
Suppose 0 = -4*q - 2*s + 5*s + 696, q = 3*s + 174. Let y = 6615 + -6599. Calculate the remainder when q is divided by y.
14
What is the remainder when ((-60)/(-52) - 1) + (-323)/(-13) is divided by 11?
3
Suppose -4*u = -0*u - 80. Let v = u + -15. Suppose -v*h - p + 78 = 5, 2*h + 5*p - 20 = 0. Calculate the remainder when 59 is divided by h.
14
Let r be (-3)/(-6) - (-21)/2. Suppose 4 = r*w - 10*w. Calculate the remainder when 39 is divided by 1/(w/(2*20)).
9
What is the remainder when 1375 is divided by ((-1)/(-2))/(((-9)/78)/(-3))?
10
Let q be ((-6)/5)/((-15)/50). Let a = 18 - q. Suppose 224 = -2*p + 58*p. What is the remainder when a is divided by p?
2
Let g = 233 - -130. What is the remainder when g is divided by 91?
90
Suppose -3*q + 4*n + 7 = 3, 5*q - 2*n = 16. What is the remainder when (-1746)/(-14) + (8/7)/q is divided by 21?
20
Suppose 116 = 5*h + 3*l, h - l - 10 = -6*l. Suppose -d = -3*d + 6. Calculate the remainder when h is divided by d.
1
Suppose 0*h - 3*h + 135 = 0. Let f(a) = 3*a - 2. Let s be f(3). Suppose 176 = s*l + 4*l. What is the remainder when h is divided by l?
13
Let c be (4/10)/(1/5). Suppose c*v = v + 54. Let b = -5334 - -5362. What is the remainder when v is divided by b?
26
Suppose -1 = -n + v, v = -5